d be -1 + (u - (-43 - 1)). Calculate the greatest common divisor of 4 and d.
4
Let l = 6 - 2. Suppose 2*k + l*p - 16 = -2*k, 0 = -k + 3*p + 24. Suppose -2*i - 1 - 23 = -2*r, 5*r - 4*i - 57 = 0. What is the highest common factor of r and k?
9
Suppose 0*d + 4 = 4*d + 4*y, 5*y + 20 = 0. Let x = d - 1. What is the greatest common factor of 2 and x?
2
Let c = -12 + -127. Let l = c - -202. What is the highest common factor of 9 and l?
9
Suppose 4*p - 120 = -w + 97, -46 = -p - 3*w. Suppose -u + 15 - 77 = -3*q, -3*q + 58 = -2*u. Calculate the highest common divisor of p and q.
11
Let n = 78 - 24. Suppose h + 2*h = 18. Calculate the highest common divisor of h and n.
6
Suppose 4*r - 245 - 19 = 0. Suppose -w + r = w. Let z(s) = -10*s + 1. Let m be z(-1). Calculate the greatest common factor of m and w.
11
Let m be (-3 - (3 - 4)) + -33. Suppose 3*y + 63 = 4*w - 5, 4*w - 8 = 0. Let q = y - m. What is the greatest common factor of q and 75?
15
Suppose -5*b + 73 = -17. Calculate the greatest common factor of b and 144.
18
Suppose 3*f = -3, -f + 10 = -2*u + 3*u. Calculate the greatest common divisor of u and 121.
11
Suppose 4*s - 6 + 45 = 3*q, 3*q - s - 39 = 0. Let h = q + -6. What is the highest common divisor of h and 7?
7
Suppose 20 = -5*r, 4*o - 1 = 3*r + 23. Suppose -o*n + 15 = -v, -2 = v - 5. What is the highest common divisor of 6 and n?
6
Suppose 4*w = 2*a - 0 - 6, 4*a = -w + 30. Suppose 2*t = a*t. Suppose 2*r + 2*r - 2*s - 18 = t, 0 = -r - s + 9. Calculate the greatest common factor of r and 66.
6
Suppose 0 = -2*x + 3*q + 73, 2*x + q - 67 = 2*q. Calculate the highest common factor of 48 and x.
16
Suppose -5*u = -3*r + 8*r - 1460, -u + 3*r + 300 = 0. Let y be (1/2)/(7/u). Let f(g) = 9*g - 21. Let a be f(14). What is the highest common divisor of a and y?
21
Let m(y) = -y**3 - 4*y**2 - y + 1. Let f be m(-4). Calculate the highest common divisor of f and 20.
5
Let r(x) = -3*x - 6. Let b be r(-4). Let c be (-90)/20*(-4)/6. Suppose -c*n = -3*y - 2*n + 28, 4*y = -3*n + 33. What is the greatest common divisor of b and y?
3
Let s be (-7)/(-1) + (2 - 4). Suppose 5 = 3*g + 2*g. Calculate the highest common factor of g and s.
1
Suppose -67 + 13 = -6*c. What is the greatest common factor of 63 and c?
9
Let w = -6 - -1. Let f = -3 - w. Let y be -1 + f + 13 + -2. What is the highest common factor of 84 and y?
12
Let c = 3 - 5. Let h = 12 + -10. Let o be c - (17 - h)/(-1). Calculate the greatest common divisor of 143 and o.
13
Suppose -3*g + 239 = -5*f, 4*f + 32 = g - 36. Calculate the highest common factor of g and 8.
8
Let a = 14 - 11. Let l = a - 5. Let z be (-1)/(l/42)*1. Calculate the highest common factor of 3 and z.
3
Suppose -14 = -5*j - 4*l, -5 + 4 = -2*j + 3*l. Suppose 36 = -n + j*n. Calculate the highest common divisor of 4 and n.
4
Suppose -44 = 3*w + 100. Let d be (w/(-9))/((-4)/(-6)). What is the greatest common divisor of d and 12?
4
Suppose -w - 6*n + 15 = -3*n, 2*w + 3*n - 36 = 0. Calculate the highest common factor of w and 14.
7
Let t be 1/((-55)/(-25) + -2). Calculate the greatest common factor of t and 15.
5
Let t(i) = -i**2 + 0 + i**3 - 2*i - 4 - 2 + 5*i**2. Let v be t(-4). What is the greatest common factor of v and 10?
2
Suppose 4*t - 11 - 9 = 0. Suppose 4*u = -c + 13, c + 5*u + 52 = t*c. What is the highest common divisor of 13 and c?
13
Let u be -9*(-2 - (-12)/9). Let m = u + 1. Suppose -2*d + 1 = -m. What is the greatest common divisor of 1 and d?
1
Suppose 0*i = -2*l - 4*i - 36, -2*l - 24 = i. Let f = l - -27. Calculate the highest common factor of 153 and f.
17
Suppose 3*v + 2*v - 30 = 0. What is the highest common divisor of v and 66?
6
Let w(n) = -5*n - 1. Let u be w(-1). Suppose -2*a - a = -4*t + 17, -5*a + u*t = 23. Let g be 5 + -2 - a*3. What is the highest common factor of g and 48?
12
Let h(o) = 2*o + 52. Let j be h(-23). What is the highest common factor of j and 8?
2
Let d be 151 - 1 - (-6 - -3). Calculate the greatest common factor of 17 and d.
17
Let a(s) = -7*s**3 + 2*s**2 + 5*s - 9. Let d(r) = -r**3 + r**2 - 1. Let y(o) = -a(o) + 6*d(o). Let c be y(3). What is the greatest common factor of c and 34?
17
Let i = -100 + 111. What is the highest common divisor of i and 55?
11
Let m(a) = a**3 - 2*a**2 + 2. Let l be m(2). Suppose 0 = 3*b + l*b - 40. Let k = 10 - b. What is the highest common factor of k and 14?
2
Let a(s) = s**3 + 11*s**2 + 25. Let f be a(-11). What is the highest common factor of f and 50?
25
Suppose -3*p + 2*s = -15 - 4, -5*p = 4*s + 5. Let f be 3/(((-9)/(-3))/24). Calculate the highest common divisor of p and f.
3
Let n = 22 - 7. Suppose 0 = -5*z - 15, p - 3*z - 8 = -2*z. What is the highest common divisor of p and n?
5
Suppose -2*a = 4*y - a - 5, -3*y + 3*a + 15 = 0. Suppose y*w - 38 = -6. What is the greatest common factor of w and 24?
8
Let l = -15 + 15. Suppose l = -5*s - 97 + 647. What is the greatest common factor of s and 22?
22
Let p = 50 + -44. Let g be (3 - 2) + 82/2. Calculate the highest common factor of p and g.
6
Suppose -4*d + 44 = 4*q, -2*d + 31 = -d - 3*q. Let a = d + 28. Calculate the highest common factor of 4 and a.
4
Let u = 91 - 59. Let t(z) = -2*z - 3. Let w be t(-4). Suppose -3*q - w = -2*p, -3*p = 2*q - q - 13. Calculate the greatest common divisor of p and u.
4
Let y(p) = p**2 + 6*p + 13. Let r be y(-7). Suppose -r = -z - m, 7*z - 76 = 3*z - 5*m. Calculate the highest common divisor of 3 and z.
3
Let l(f) = -3*f**2 - f**2 + 5*f**2 + 6*f. Suppose 0 = 2*k - 5*k - 21. Let q be l(k). Calculate the greatest common factor of 7 and q.
7
Suppose 4*r = 33 + 31. Suppose -3*s - 4*m - 48 + 256 = 0, 3*s - m = 203. Let z = 116 - s. What is the greatest common factor of r and z?
16
Let w = -33 - -177. What is the highest common divisor of 18 and w?
18
Let s(x) = -x**3 - 9*x**2 + 7*x + 114. Let a be s(-10). Let r = -9 - -25. Calculate the greatest common factor of r and a.
16
Suppose -7*p = -2*p - 225. Calculate the greatest common divisor of p and 15.
15
Suppose 5*b = -3*d + 20 - 319, -2*d - 191 = -5*b. Let m be 225 - -1 - (0 + 0). Let o = d + m. What is the greatest common factor of o and 16?
16
Suppose -s = -2*i + 4*i - 14, -5*i = 3*s - 41. What is the highest common factor of s and 36?
12
Suppose 4*k - 238 = -3*d - 61, -3*d + 87 = 2*k. What is the highest common divisor of 5 and k?
5
Suppose 0 = -3*q - 0*q + 48. Let t(h) = -4*h**2. Let z be t(1). Let c be z/(-2) - (-4 + -58). What is the greatest common factor of q and c?
16
Let x = 12 - 8. Let w be (22/(-4))/((-5)/40). What is the greatest common divisor of w and x?
4
Let n(i) = -i**2 - 28*i + 11. Let c be n(-17). What is the greatest common divisor of 22 and c?
22
Let s be (-4 + 18 + 0)/2. Let a be (134/4 - 0)*4. Suppose -62 = -4*o + a. Calculate the greatest common factor of s and o.
7
Suppose 2*s = -3*r + 66, 4*r - 4*s - 23 = 85. Suppose 4*d - 21 - 267 = 0. Calculate the greatest common factor of d and r.
24
Let x = 1 + -1. Let l = x - -11. Calculate the highest common divisor of 11 and l.
11
Suppose 0 = -c - 3*x + 1, 5*x + 10 = 3*c - 21. Suppose c = f - 5. What is the greatest common divisor of f and 4?
4
Let v be 0 - 22/4*-2. What is the highest common divisor of v and 121?
11
Let g(z) = 2*z - 30. Let k be g(16). Suppose -3*r + 3 - 6 = 0. Let u be (22/4 + r)*k. Calculate the highest common factor of 99 and u.
9
Let v be (72/6)/(6/52). Suppose -3*o = -2*n + o + v, -n + o = -47. Calculate the highest common factor of n and 14.
14
Suppose -5*p = 5*i - 450, 4*p - p - 254 = 5*i. Suppose -2*x + 40 = -7*x. Let j = x - -16. Calculate the highest common factor of p and j.
8
Let l(m) = 4*m**3 - 2*m**2 - m - 4. Let g be l(4). Suppose n = -3*n + g. Calculate the greatest common factor of n and 18.
18
Suppose 15 = -3*o + 108. Calculate the greatest common factor of 341 and o.
31
Suppose -2*m - 476 = -6*m. Calculate the greatest common divisor of 17 and m.
17
Let x = 5 + 10. Let t = 24 + -18. What is the greatest common factor of x and t?
3
Suppose -3*j = -37 + 10. Let c be 34/10 - (-2)/(-5). Suppose c*p - 355 = -85. What is the greatest common divisor of j and p?
9
Let w be ((-2)/3)/(-4 + 119/30). What is the highest common divisor of w and 260?
20
Let u = -40 - -59. Let z(r) = r**3 - 3*r**2 + 3. Let m be z(4). Calculate the highest common divisor